{"id":3995,"date":"2022-05-25T20:47:01","date_gmt":"2022-05-25T20:47:01","guid":{"rendered":"https:\/\/todospodemosayudar.com\/?post_type=product&#038;p=3995"},"modified":"2022-05-25T20:55:43","modified_gmt":"2022-05-25T20:55:43","slug":"molde-galletas-con-sena-i-love-you-te-amo-lengua-de-senas","status":"publish","type":"product","link":"https:\/\/todospodemosayudar.com\/index.php\/product\/molde-galletas-con-sena-i-love-you-te-amo-lengua-de-senas\/","title":{"rendered":"Molde galletas con se\u00f1a I Love you te amo lengua de se\u00f1as"},"content":{"rendered":"<p>Molde galletas con se\u00f1a I Love you te amo lengua de se\u00f1as<\/p>\n","protected":false},"excerpt":{"rendered":"<p>Molde galletas con se\u00f1a I Love you te amo lengua de se\u00f1as<\/p>\n","protected":false},"featured_media":4007,"template":"","meta":{"om_disable_all_campaigns":false,"_monsterinsights_skip_tracking":false,"_monsterinsights_sitenote_active":false,"_monsterinsights_sitenote_note":"","_monsterinsights_sitenote_category":0},"product_cat":[15],"product_tag":[291,125,292,118,320,290,293],"class_list":["post-3995","product","type-product","status-publish","has-post-thumbnail","hentry","product_cat-otros-variado","product_tag-ayudas-impresas-en-3d-para-ayudar-a-persons-con-discapaciad-en-comunicacion-autismo","product_tag-ayudas-tecnicas-impresas-en-3d","product_tag-ayudas-y-productos-impresos-en-3d-para-personas-cion-autismo-autista","product_tag-impresion-3d","product_tag-molde-galletas-con-sena-i-love-you-te-amo-lengua-de-senas","product_tag-productos-de-apoyo-impresos-en-3d-para-sordos-y-comunicacion-discapacidad","product_tag-productos-impresos-en-3d-sordos-discapacidad-auditiva"],"aioseo_notices":[],"_links":{"self":[{"href":"https:\/\/todospodemosayudar.com\/index.php\/wp-json\/wp\/v2\/product\/3995","targetHints":{"allow":["GET"]}}],"collection":[{"href":"https:\/\/todospodemosayudar.com\/index.php\/wp-json\/wp\/v2\/product"}],"about":[{"href":"https:\/\/todospodemosayudar.com\/index.php\/wp-json\/wp\/v2\/types\/product"}],"version-history":[{"count":1,"href":"https:\/\/todospodemosayudar.com\/index.php\/wp-json\/wp\/v2\/product\/3995\/revisions"}],"predecessor-version":[{"id":4010,"href":"https:\/\/todospodemosayudar.com\/index.php\/wp-json\/wp\/v2\/product\/3995\/revisions\/4010"}],"wp:featuredmedia":[{"embeddable":true,"href":"https:\/\/todospodemosayudar.com\/index.php\/wp-json\/wp\/v2\/media\/4007"}],"wp:attachment":[{"href":"https:\/\/todospodemosayudar.com\/index.php\/wp-json\/wp\/v2\/media?parent=3995"}],"wp:term":[{"taxonomy":"product_cat","embeddable":true,"href":"https:\/\/todospodemosayudar.com\/index.php\/wp-json\/wp\/v2\/product_cat?post=3995"},{"taxonomy":"product_tag","embeddable":true,"href":"https:\/\/todospodemosayudar.com\/index.php\/wp-json\/wp\/v2\/product_tag?post=3995"}],"curies":[{"name":"wp","href":"https:\/\/api.w.org\/{rel}","templated":true}]}}