{"id":4555,"date":"2022-05-26T19:20:46","date_gmt":"2022-05-26T19:20:46","guid":{"rendered":"https:\/\/todospodemosayudar.com\/?post_type=product&#038;p=4555"},"modified":"2022-05-26T19:58:04","modified_gmt":"2022-05-26T19:58:04","slug":"soporte-para-colocar-la-bolsa-de-basura-en-la-barra-de-apoyo","status":"publish","type":"product","link":"https:\/\/todospodemosayudar.com\/index.php\/product\/soporte-para-colocar-la-bolsa-de-basura-en-la-barra-de-apoyo\/","title":{"rendered":"Soporte para colocar la bolsa de basura en la barra de apoyo"},"content":{"rendered":"<p>Soporte para colocar la bolsa de basura en la barra de apoyo<\/p>\n<p>Ayuda impresa en 3D, muy \u00fatil como apoyo a personas con discapacidad, adulto mayor, producto de apoyo, tecnolog\u00eda asistiva, ayuda t\u00e9cnica<\/p>\n","protected":false},"excerpt":{"rendered":"<p>Soporte para colocar la bolsa de basura en la barra de apoyo<\/p>\n","protected":false},"featured_media":4572,"template":"","meta":{"om_disable_all_campaigns":false,"_monsterinsights_skip_tracking":false,"_monsterinsights_sitenote_active":false,"_monsterinsights_sitenote_note":"","_monsterinsights_sitenote_category":0},"product_cat":[95],"product_tag":[529,520,518,530,517,528],"class_list":["post-4555","product","type-product","status-publish","has-post-thumbnail","hentry","product_cat-higiene","product_tag-accesibilidad-bano-publico-accesible","product_tag-ayuda-higiene-autocuidado-adulto-mayor","product_tag-ayuda-para-colocar-la-crema-de-afeitar","product_tag-basurero-en-bano-publico-accesible","product_tag-productos-de-apoyo-higiene-aseo-personal-personas-con-discapacidad","product_tag-soporte-para-colocar-la-bolsa-de-basura-en-la-barra-de-apoyo"],"aioseo_notices":[],"_links":{"self":[{"href":"https:\/\/todospodemosayudar.com\/index.php\/wp-json\/wp\/v2\/product\/4555","targetHints":{"allow":["GET"]}}],"collection":[{"href":"https:\/\/todospodemosayudar.com\/index.php\/wp-json\/wp\/v2\/product"}],"about":[{"href":"https:\/\/todospodemosayudar.com\/index.php\/wp-json\/wp\/v2\/types\/product"}],"version-history":[{"count":1,"href":"https:\/\/todospodemosayudar.com\/index.php\/wp-json\/wp\/v2\/product\/4555\/revisions"}],"predecessor-version":[{"id":4575,"href":"https:\/\/todospodemosayudar.com\/index.php\/wp-json\/wp\/v2\/product\/4555\/revisions\/4575"}],"wp:featuredmedia":[{"embeddable":true,"href":"https:\/\/todospodemosayudar.com\/index.php\/wp-json\/wp\/v2\/media\/4572"}],"wp:attachment":[{"href":"https:\/\/todospodemosayudar.com\/index.php\/wp-json\/wp\/v2\/media?parent=4555"}],"wp:term":[{"taxonomy":"product_cat","embeddable":true,"href":"https:\/\/todospodemosayudar.com\/index.php\/wp-json\/wp\/v2\/product_cat?post=4555"},{"taxonomy":"product_tag","embeddable":true,"href":"https:\/\/todospodemosayudar.com\/index.php\/wp-json\/wp\/v2\/product_tag?post=4555"}],"curies":[{"name":"wp","href":"https:\/\/api.w.org\/{rel}","templated":true}]}}